2591610?
2591607
In base 5, what is -1120143 + 4302?
-1110341
In base 4, what is -311321020231 - -1?
-311321020230
In base 7, what is 11 - -25031500?
25031511
In base 6, what is -2 + 1432404503?
1432404501
In base 7, what is 10661533415 + 2?
10661533420
In base 12, what is -2a36405b - 3?
-2a364062
In base 7, what is -2 - 15254630?
-15254632
In base 2, what is 10101100010011011 + 11100011011?
10101111110110110
In base 4, what is -2213301103 - 1112?
-2213302221
In base 5, what is 3201 - -102444?
111200
In base 9, what is -12 - 28555761?
-28555773
In base 14, what is -1 + -1811ad2?
-1811ad3
In base 14, what is 8 - 60240a9?
-60240a1
In base 16, what is b + d051?
d05c
In base 2, what is -110001010 - 1001001111111010001000?
-1001010000000000010010
In base 4, what is -2 + -101322033?
-101322101
In base 9, what is -4425 + -228830?
-234355
In base 10, what is 2890618 - 0?
2890618
In base 9, what is -337043 - -22?
-337021
In base 11, what is -566993 - -42?
-566951
In base 14, what is -5a9 - -8db6c?
8d5a3
In base 11, what is -6 + -413151?
-413157
In base 4, what is 31221103 + 230?
31221333
In base 2, what is 0 - 1110100000111100110000?
-1110100000111100110000
In base 4, what is 1302110322 - -23?
1302111011
In base 3, what is -10022211002112 + 110100?
-10022210122012
In base 6, what is -144441 - -31525?
-112512
In base 7, what is 504234 - 51?
504153
In base 15, what is 7846 - -26b?
7ab2
In base 7, what is 2243056 + -103?
2242653
In base 11, what is 418a31 + 43?
418a74
In base 7, what is 1104325661 - 1?
1104325660
In base 3, what is -1000110002202201 - 0?
-1000110002202201
In base 4, what is -2 - 102220332311?
-102220332313
In base 12, what is 76a2 - -4180?
b862
In base 10, what is 379328815 + 1?
379328816
In base 15, what is -15 - 143414?
-143429
In base 2, what is -100001100111110100101010010 - 10?
-100001100111110100101010100
In base 6, what is -2 - 4240554444?
-4240554450
In base 10, what is -41202144 - -23?
-41202121
In base 13, what is -37 + -75071?
-750a8
In base 3, what is -1222002011112101 + 1200?
-1222002011110201
In base 2, what is 101 + -11000010010011010101?
-11000010010011010000
In base 5, what is 10 + -103121130040?
-103121130030
In base 7, what is -2340 + 4115124?
4112454
In base 11, what is -13a - -54a7a?
54940
In base 15, what is -5 + 14eb11d?
14eb118
In base 8, what is 47373050 - 7?
47373041
In base 13, what is -18 - -1397661?
1397646
In base 7, what is 132661430 - -20?
132661450
In base 12, what is -124 + -482838?
-482960
In base 2, what is -10011110101010111 + 100111100?
-10011110000011011
In base 4, what is 10101003303 - 322?
10101002321
In base 7, what is -1002331 - -14?
-1002314
In base 15, what is -3cee - 488c?
-868b
In base 2, what is -100111001100 + -1100011010?
-110011100110
In base 15, what is -62466 + a1?
-623b5
In base 15, what is -c5673 - 1d?
-c5691
In base 13, what is 908049c + 0?
908049c
In base 12, what is -13 - -157b7b9?
157b7a6
In base 2, what is -11010 + 101110000011100100?
101110000011001010
In base 9, what is 22 + 7011640?
7011662
In base 3, what is 1 - -10200000011100101?
10200000011100102
In base 4, what is 31031131321313 - -11?
31031131321330
In base 11, what is -3 - 745a2325?
-745a2328
In base 3, what is 10211012 + 101112202?
112100221
In base 14, what is 44b - -2d44?
3391
In base 8, what is 1661 + -1233?
426
In base 5, what is 1142441 - 3142?
1134244
In base 3, what is -21201 + 2102200220?
2102102012
In base 9, what is 3344334 + -8?
3344325
In base 2, what is -10111101111 - 101011110?
-11101001101
In base 3, what is 222211111101121 - 1?
222211111101120
In base 9, what is 1081 - -5804?
6885
In base 14, what is 3594d - 2?
3594b
In base 4, what is 2 - 2123231121211?
-2123231121203
In base 15, what is 22 + -390002?
-38eed0
In base 3, what is -121201011 + 2120201?
-112010110
In base 9, what is -1164 - -11664?
10500
In base 15, what is 5 - -13376e5a?
13376e60
In base 3, what is 112212111022201000 + 10?
112212111022201010
In base 8, what is 527335 - -150?
527505
In base 10, what is 59 - -329224?
329283
In base 16, what is 271 - becd?
-bc5c
In base 6, what is 32322 + -132100?
-55334
In base 2, what is 10000001110100001 + -10101110?
10000001011110011
In base 9, what is -163628 + -24?
-163653
In base 10, what is -957662 + 10?
-957652
In base 12, what is -4 - 1711856?
-171185a
In base 4, what is -130122222 - 10?
-130122232
In base 10, what is 3 - -37545761?
37545764
In base 13, what is 408c390 + -2?
408c38b
In base 2, what is 10101011100 + -100111001101110?
-100100100010010
In base 15, what is -37 - 1b52?
-1b89
In base 8, what is 63 - -401610?
401673
In base 11, what is -1335a4 + -42?
-133636
In base 12, what is -4a431 - 5828?
-54059
In base 2, what is -101010100000000 - 11001010?
-101010111001010
In base 3, what is -100212022 + 111112100?
10200001
In base 2, what is -1100010010000000011 - 1000000?
-1100010010001000011
In base 5, what is 342 + -11411110?
-11410213
In base 16, what is -3ae7e + 39?
-3ae45
In base 3, what is -10 + -1120220110120?
-1120220110200
In base 15, what is -3 + -13a37c2?
-13a37c5
In base 8, what is 14 - 165706064?
-165706050
In base 7, what is 6160 - -13?
6203
In base 6, what is 121211432 - -45?
121211521
In base 14, what is -81 + -4d25c7?
-4d2668
In base 4, what is 3010231 - -23112?
3100003
In base 2, what is -101 + -110001000111010011010?
-110001000111010011111
In base 10, what is 294 - 21439?
-21145
In base 16, what is 1c7233 - 96?
1c719d
In base 3, what is 12221001102001 + 2220?
12221001111221
In base 9, what is 104577 + -133?
104444
In base 15, what is -6a - -64036?
63ebb
In base 8, what is -77544 - -307?
-77235
In base 15, what is ce5a - -22d5?
10240
In base 3, what is -10001111111 + 12212011?
-2211122100
In base 10, what is -1495389406 - -4?
-1495389402
In base 13, what is 78b4b29 - -3?
78b4b2c
In base 14, what is 332 + 4326?
4658
In base 7, what is -4 + -50034054?
-50034061
In base 8, what is 1207404 - 334?
1207050
In base 11, what is 23744 - a366?
14389
In base 5, what is 344432 - -204024?
1104011
In base 10, what is 88093 - -16?
88109
In base 14, what is 1dd81a2 - 1c?
1dd8184
In base 2, what is 10010000010010011011 - 1?
10010000010010011010
In base 10, what is 1 + -3625422?
-3625421
In base 16, what is -135aad + b?
-135aa2
In base 3, what is -220011021010001001 + -2?
-220011021010001010
In base 3, what is 2112111100111010 + 10?
2112111100111020
In base 3, what is -200 + -201020221112001?
-201020221112201
In base 9, what is -173 + 1288370?
1288186
In base 9, what is 76885 - -333?
77328
In base 5, what is -132341124 - -13?
-132341111
In base 5, what is 12420004 + -44?
12414410
In base 7, what is 3320 + 13131?
16451
In base 16, what is -60fa6d7 + -5?
-60fa6dc
In base 15, what is 989b8 - b2?
98906
In base 5, what is -132124 + -402?
-133031
In base 4, what is -2 - -233110323321?
233110323313
In base 15, what is -5c09 - 6d?
-5c77
In base 12, what is 223b12137 - 3?
223b12134
In base 15, what is 2d0b + 358?
3164
In base 7, what is -560601 - -20550?
-540021
In base 12, what is -a9 - 10542a?
-105517
In base 4, what is 23112331113 + -3?
23112331110
In base 16, what is 28c15 - -b56?
2976b
In base 4, what is 12 + 1223200102111?
1223200102123
In base 4, what is 21 + -1000022210130?
-1000022210103
In base 13, what is 6a087c8 + -5?
6a087c3
In base 16, what is -5f234 + 665?
-5ebcf
In base 5, what is -31 + -40102014?
-40102100
In base 2, what is 11100 + 11000011101101011010?
11000011101101110110
In base 2, what is 1011010001001110000001001 + -1?
1011010001001110000001000
In base 14, what is 1d21 + 215?
2136
In base 4, what is -11 + -121211332202?
-121211332213
In base 15, what is b950 - -9a?
b9ea
In base 11, what is -3 + -269936a3?
-269936a6
In base 10, what is -2544559 + 0?
-2544559
In base 12, what is 1 + -b25914?
-b25913
In base 6, what is 2 + -5101253250?
-5101253244
In base 7, what is -1404 - 6211412?
-6213116
In base 4, what is 10 - -10010012333?
10010013003
In base 4, what is 30103102220 + 23?
30103102303
In base 5, what is 144044131 + 0?
144044131
In base 15, what is ac - 599?
-4dc
In base 7, what is -2012232 + -12333?
-2024565
In base 15, what is 1819 + 26d?
1a87
In base 13, what is 2c889 + c6?
2c982
In base 15, what is 4 + 2710ca?
2710ce
In base 10, what is -198 + 113980?
113782
In base 4, what